{"version":"1.0","provider_name":"Albinfo","provider_url":"https:\/\/www.albinfo.at\/fr\/","author_name":"Vjosa Gervalla","author_url":"https:\/\/www.albinfo.at\/fr\/author\/vjosagervalla\/","title":"Soyez les bienvenus! - Albinfo","type":"rich","width":600,"height":338,"html":"<blockquote class=\"wp-embedded-content\" data-secret=\"QGnqrVMcar\"><a href=\"https:\/\/www.albinfo.at\/fr\/soyez-les-bienvenus\/\">Soyez les bienvenus!<\/a><\/blockquote><iframe sandbox=\"allow-scripts\" security=\"restricted\" src=\"https:\/\/www.albinfo.at\/fr\/soyez-les-bienvenus\/embed\/#?secret=QGnqrVMcar\" width=\"600\" height=\"338\" title=\"&#8220;Soyez les bienvenus!&#8221; &#8212; Albinfo\" data-secret=\"QGnqrVMcar\" frameborder=\"0\" marginwidth=\"0\" marginheight=\"0\" scrolling=\"no\" class=\"wp-embedded-content\"><\/iframe><script type=\"text\/javascript\">\n\/* <![CDATA[ *\/\n\/*! This file is auto-generated *\/\n!function(d,l){\"use strict\";l.querySelector&&d.addEventListener&&\"undefined\"!=typeof URL&&(d.wp=d.wp||{},d.wp.receiveEmbedMessage||(d.wp.receiveEmbedMessage=function(e){var t=e.data;if((t||t.secret||t.message||t.value)&&!\/[^a-zA-Z0-9]\/.test(t.secret)){for(var s,r,n,a=l.querySelectorAll('iframe[data-secret=\"'+t.secret+'\"]'),o=l.querySelectorAll('blockquote[data-secret=\"'+t.secret+'\"]'),c=new RegExp(\"^https?:$\",\"i\"),i=0;i<o.length;i++)o[i].style.display=\"none\";for(i=0;i<a.length;i++)s=a[i],e.source===s.contentWindow&&(s.removeAttribute(\"style\"),\"height\"===t.message?(1e3<(r=parseInt(t.value,10))?r=1e3:~~r<200&&(r=200),s.height=r):\"link\"===t.message&&(r=new URL(s.getAttribute(\"src\")),n=new URL(t.value),c.test(n.protocol))&&n.host===r.host&&l.activeElement===s&&(d.top.location.href=t.value))}},d.addEventListener(\"message\",d.wp.receiveEmbedMessage,!1),l.addEventListener(\"DOMContentLoaded\",function(){for(var e,t,s=l.querySelectorAll(\"iframe.wp-embedded-content\"),r=0;r<s.length;r++)(t=(e=s[r]).getAttribute(\"data-secret\"))||(t=Math.random().toString(36).substring(2,12),e.src+=\"#?secret=\"+t,e.setAttribute(\"data-secret\",t)),e.contentWindow.postMessage({message:\"ready\",secret:t},\"*\")},!1)))}(window,document);\n\/* ]]> *\/\n<\/script>\n","description":"Tous les Suisses que je connais, mais aussi d&#8217;autres ressortissants qui ont travaill\u00e9 ou visit\u00e9 le Kosovo, l&#8217;Albanie, la Mac\u00e9doine et les alentours, adoptent naturellement le superlatif lorsqu\u2019ils d\u00e9crivent ces r\u00e9gions. Le t\u00e9moignage de Lukas Baschung et Sophie Condrau illustre pr\u00e9cis\u00e9ment ce penchant. En effet, ces derniers ont pass\u00e9 deux semaines enti\u00e8res sur ces terres, [&hellip;]"}

Tous les Suisses que je connais, mais aussi d&#8217;autres ressortissants qui ont travaillé ou visité le Kosovo, l&#8217;Albanie, la Macédoine et les alentours, adoptent naturellement le superlatif lorsqu’ils décrivent ces régions. Le témoignage de Lukas Baschung et Sophie Condrau illustre précisément ce penchant. En effet, ces derniers ont passé deux semaines entières sur ces terres, [&hellip;]
