{"version":"1.0","provider_name":"Albinfo","provider_url":"https:\/\/www.albinfo.at\/fr\/","author_name":"albinfo.ch","author_url":"https:\/\/www.albinfo.at\/fr\/author\/blerimshabani\/","title":"Le Kosovo fait fort en raquettes - Albinfo","type":"rich","width":600,"height":338,"html":"<blockquote class=\"wp-embedded-content\" data-secret=\"K51cZg4sGK\"><a href=\"https:\/\/www.albinfo.at\/fr\/le-kosovo-fait-fort-en-raquettes\/\">Le Kosovo fait fort en raquettes<\/a><\/blockquote><iframe sandbox=\"allow-scripts\" security=\"restricted\" src=\"https:\/\/www.albinfo.at\/fr\/le-kosovo-fait-fort-en-raquettes\/embed\/#?secret=K51cZg4sGK\" width=\"600\" height=\"338\" title=\"&#8220;Le Kosovo fait fort en raquettes&#8221; &#8212; Albinfo\" data-secret=\"K51cZg4sGK\" frameborder=\"0\" marginwidth=\"0\" marginheight=\"0\" scrolling=\"no\" class=\"wp-embedded-content\"><\/iframe><script type=\"text\/javascript\">\n\/* <![CDATA[ *\/\n\/*! This file is auto-generated *\/\n!function(d,l){\"use strict\";l.querySelector&&d.addEventListener&&\"undefined\"!=typeof URL&&(d.wp=d.wp||{},d.wp.receiveEmbedMessage||(d.wp.receiveEmbedMessage=function(e){var t=e.data;if((t||t.secret||t.message||t.value)&&!\/[^a-zA-Z0-9]\/.test(t.secret)){for(var s,r,n,a=l.querySelectorAll('iframe[data-secret=\"'+t.secret+'\"]'),o=l.querySelectorAll('blockquote[data-secret=\"'+t.secret+'\"]'),c=new RegExp(\"^https?:$\",\"i\"),i=0;i<o.length;i++)o[i].style.display=\"none\";for(i=0;i<a.length;i++)s=a[i],e.source===s.contentWindow&&(s.removeAttribute(\"style\"),\"height\"===t.message?(1e3<(r=parseInt(t.value,10))?r=1e3:~~r<200&&(r=200),s.height=r):\"link\"===t.message&&(r=new URL(s.getAttribute(\"src\")),n=new URL(t.value),c.test(n.protocol))&&n.host===r.host&&l.activeElement===s&&(d.top.location.href=t.value))}},d.addEventListener(\"message\",d.wp.receiveEmbedMessage,!1),l.addEventListener(\"DOMContentLoaded\",function(){for(var e,t,s=l.querySelectorAll(\"iframe.wp-embedded-content\"),r=0;r<s.length;r++)(t=(e=s[r]).getAttribute(\"data-secret\"))||(t=Math.random().toString(36).substring(2,12),e.src+=\"#?secret=\"+t,e.setAttribute(\"data-secret\",t)),e.contentWindow.postMessage({message:\"ready\",secret:t},\"*\")},!1)))}(window,document);\n\/* ]]> *\/\n<\/script>\n","description":"Le Kosovo n\u2019est pas tr\u00e8s connu pour ses infrastructures sportives, mais le pays propose une offre sup\u00e9rieure aux autres pays de la r\u00e9gion pour ce qui est des excursions hivernales en raquettes, un sport qui a pris son envol dans l\u2019industrie du tourisme des Balkans, surtout dans Bjeshk\u00ebt e Nemuna, qui se trouvent entre le Kosovo, l\u2019Albanie et le Mont\u00e9n\u00e9gro.","thumbnail_url":"https:\/\/www.albinfo.at\/wp-content\/uploads\/2017\/01\/dscf4150-copy-1-586x389.jpg"}

Le Kosovo n’est pas très connu pour ses infrastructures sportives, mais le pays propose une offre supérieure aux autres pays de la région pour ce qui est des excursions hivernales en raquettes, un sport qui a pris son envol dans l’industrie du tourisme des Balkans, surtout dans Bjeshkët e Nemuna, qui se trouvent entre le Kosovo, l’Albanie et le Monténégro.
