{"version":"1.0","provider_name":"Albinfo","provider_url":"https:\/\/www.albinfo.at\/fr\/","author_name":"albinfo.ch","author_url":"https:\/\/www.albinfo.at\/fr\/author\/blerimshabani\/","title":"L\u2019Aum\u00f4nerie de l\u2019arm\u00e9e s\u2019ouvre \u00e0 la diversit\u00e9 religieuse - Albinfo","type":"rich","width":600,"height":338,"html":"<blockquote class=\"wp-embedded-content\" data-secret=\"7YxEcUbiX7\"><a href=\"https:\/\/www.albinfo.at\/fr\/laumonerie-de-larmee-souvre-a-la-diversite-religieuse\/\">L\u2019Aum\u00f4nerie de l\u2019arm\u00e9e s\u2019ouvre \u00e0 la diversit\u00e9 religieuse<\/a><\/blockquote><iframe sandbox=\"allow-scripts\" security=\"restricted\" src=\"https:\/\/www.albinfo.at\/fr\/laumonerie-de-larmee-souvre-a-la-diversite-religieuse\/embed\/#?secret=7YxEcUbiX7\" width=\"600\" height=\"338\" title=\"&#8220;L\u2019Aum\u00f4nerie de l\u2019arm\u00e9e s\u2019ouvre \u00e0 la diversit\u00e9 religieuse&#8221; &#8212; Albinfo\" data-secret=\"7YxEcUbiX7\" frameborder=\"0\" marginwidth=\"0\" marginheight=\"0\" scrolling=\"no\" class=\"wp-embedded-content\"><\/iframe><script type=\"text\/javascript\">\n\/* <![CDATA[ *\/\n\/*! This file is auto-generated *\/\n!function(d,l){\"use strict\";l.querySelector&&d.addEventListener&&\"undefined\"!=typeof URL&&(d.wp=d.wp||{},d.wp.receiveEmbedMessage||(d.wp.receiveEmbedMessage=function(e){var t=e.data;if((t||t.secret||t.message||t.value)&&!\/[^a-zA-Z0-9]\/.test(t.secret)){for(var s,r,n,a=l.querySelectorAll('iframe[data-secret=\"'+t.secret+'\"]'),o=l.querySelectorAll('blockquote[data-secret=\"'+t.secret+'\"]'),c=new RegExp(\"^https?:$\",\"i\"),i=0;i<o.length;i++)o[i].style.display=\"none\";for(i=0;i<a.length;i++)s=a[i],e.source===s.contentWindow&&(s.removeAttribute(\"style\"),\"height\"===t.message?(1e3<(r=parseInt(t.value,10))?r=1e3:~~r<200&&(r=200),s.height=r):\"link\"===t.message&&(r=new URL(s.getAttribute(\"src\")),n=new URL(t.value),c.test(n.protocol))&&n.host===r.host&&l.activeElement===s&&(d.top.location.href=t.value))}},d.addEventListener(\"message\",d.wp.receiveEmbedMessage,!1),l.addEventListener(\"DOMContentLoaded\",function(){for(var e,t,s=l.querySelectorAll(\"iframe.wp-embedded-content\"),r=0;r<s.length;r++)(t=(e=s[r]).getAttribute(\"data-secret\"))||(t=Math.random().toString(36).substring(2,12),e.src+=\"#?secret=\"+t,e.setAttribute(\"data-secret\",t)),e.contentWindow.postMessage({message:\"ready\",secret:t},\"*\")},!1)))}(window,document);\n\/* ]]> *\/\n<\/script>\n","thumbnail_url":"https:\/\/www.albinfo.at\/wp-content\/uploads\/2020\/06\/414507362_highres.jpg","thumbnail_width":1024,"thumbnail_height":683,"description":"Le chef de l\u2019Arm\u00e9e, le commandant de corps Thomas S\u00fcssli, a rencontr\u00e9 les repr\u00e9sentants d'\u00e9glises et communaut\u00e9s religieuses en Suisse. Dans ce cadre, les discussions ont port\u00e9 sur l\u2019ouverture de l\u2019Aum\u00f4nerie de l\u2019arm\u00e9e \u00e0 la diversit\u00e9 religieuse. \u00c9tant donn\u00e9 que la soci\u00e9t\u00e9 suisse est de plus en plus multiculturelle, une telle ouverture constitue un r\u00e9el besoin"}

L’Aumônerie de l’armée s’ouvre à la diversité religieuse - Albinfo

<blockquote class="wp-embedded-content" data-secret="7YxEcUbiX7"><a href="https://www.albinfo.at/fr/laumonerie-de-larmee-souvre-a-la-diversite-religieuse/">L’Aumônerie de l’armée s’ouvre à la diversité religieuse</a></blockquote><iframe sandbox="allow-scripts" security="restricted" src="https://www.albinfo.at/fr/laumonerie-de-larmee-souvre-a-la-diversite-religieuse/embed/#?secret=7YxEcUbiX7" width="600" height="338" title="&#8220;L’Aumônerie de l’armée s’ouvre à la diversité religieuse&#8221; &#8212; Albinfo" data-secret="7YxEcUbiX7" frameborder="0" marginwidth="0" marginheight="0" scrolling="no" class="wp-embedded-content"></iframe><script type="text/javascript">
/* <![CDATA[ */
/*! This file is auto-generated */
!function(d,l){"use strict";l.querySelector&&d.addEventListener&&"undefined"!=typeof URL&&(d.wp=d.wp||{},d.wp.receiveEmbedMessage||(d.wp.receiveEmbedMessage=function(e){var t=e.data;if((t||t.secret||t.message||t.value)&&!/[^a-zA-Z0-9]/.test(t.secret)){for(var s,r,n,a=l.querySelectorAll('iframe[data-secret="'+t.secret+'"]'),o=l.querySelectorAll('blockquote[data-secret="'+t.secret+'"]'),c=new RegExp("^https?:$","i"),i=0;i<o.length;i++)o[i].style.display="none";for(i=0;i<a.length;i++)s=a[i],e.source===s.contentWindow&&(s.removeAttribute("style"),"height"===t.message?(1e3<(r=parseInt(t.value,10))?r=1e3:~~r<200&&(r=200),s.height=r):"link"===t.message&&(r=new URL(s.getAttribute("src")),n=new URL(t.value),c.test(n.protocol))&&n.host===r.host&&l.activeElement===s&&(d.top.location.href=t.value))}},d.addEventListener("message",d.wp.receiveEmbedMessage,!1),l.addEventListener("DOMContentLoaded",function(){for(var e,t,s=l.querySelectorAll("iframe.wp-embedded-content"),r=0;r<s.length;r++)(t=(e=s[r]).getAttribute("data-secret"))||(t=Math.random().toString(36).substring(2,12),e.src+="#?secret="+t,e.setAttribute("data-secret",t)),e.contentWindow.postMessage({message:"ready",secret:t},"*")},!1)))}(window,document);
/* ]]> */
</script>

Le chef de l’Armée, le commandant de corps Thomas Süssli, a rencontré les représentants d'églises et communautés religieuses en Suisse. Dans ce cadre, les discussions ont porté sur l’ouverture de l’Aumônerie de l’armée à la diversité religieuse. Étant donné que la société suisse est de plus en plus multiculturelle, une telle ouverture constitue un réel besoin
