{"version":"1.0","provider_name":"Albinfo","provider_url":"https:\/\/www.albinfo.at\/fr\/","author_name":"Vjosa Gervalla","author_url":"https:\/\/www.albinfo.at\/fr\/author\/vjosagervalla\/","title":"Islam en Suisse, Islam de Suisse - Albinfo","type":"rich","width":600,"height":338,"html":"<blockquote class=\"wp-embedded-content\" data-secret=\"dOdwubUOwN\"><a href=\"https:\/\/www.albinfo.at\/fr\/islam-en-suisse-islam-de-suisse\/\">Islam en Suisse, Islam de Suisse<\/a><\/blockquote><iframe sandbox=\"allow-scripts\" security=\"restricted\" src=\"https:\/\/www.albinfo.at\/fr\/islam-en-suisse-islam-de-suisse\/embed\/#?secret=dOdwubUOwN\" width=\"600\" height=\"338\" title=\"&#8220;Islam en Suisse, Islam de Suisse&#8221; &#8212; Albinfo\" data-secret=\"dOdwubUOwN\" frameborder=\"0\" marginwidth=\"0\" marginheight=\"0\" scrolling=\"no\" class=\"wp-embedded-content\"><\/iframe><script type=\"text\/javascript\">\n\/* <![CDATA[ *\/\n\/*! This file is auto-generated *\/\n!function(d,l){\"use strict\";l.querySelector&&d.addEventListener&&\"undefined\"!=typeof URL&&(d.wp=d.wp||{},d.wp.receiveEmbedMessage||(d.wp.receiveEmbedMessage=function(e){var t=e.data;if((t||t.secret||t.message||t.value)&&!\/[^a-zA-Z0-9]\/.test(t.secret)){for(var s,r,n,a=l.querySelectorAll('iframe[data-secret=\"'+t.secret+'\"]'),o=l.querySelectorAll('blockquote[data-secret=\"'+t.secret+'\"]'),c=new RegExp(\"^https?:$\",\"i\"),i=0;i<o.length;i++)o[i].style.display=\"none\";for(i=0;i<a.length;i++)s=a[i],e.source===s.contentWindow&&(s.removeAttribute(\"style\"),\"height\"===t.message?(1e3<(r=parseInt(t.value,10))?r=1e3:~~r<200&&(r=200),s.height=r):\"link\"===t.message&&(r=new URL(s.getAttribute(\"src\")),n=new URL(t.value),c.test(n.protocol))&&n.host===r.host&&l.activeElement===s&&(d.top.location.href=t.value))}},d.addEventListener(\"message\",d.wp.receiveEmbedMessage,!1),l.addEventListener(\"DOMContentLoaded\",function(){for(var e,t,s=l.querySelectorAll(\"iframe.wp-embedded-content\"),r=0;r<s.length;r++)(t=(e=s[r]).getAttribute(\"data-secret\"))||(t=Math.random().toString(36).substring(2,12),e.src+=\"#?secret=\"+t,e.setAttribute(\"data-secret\",t)),e.contentWindow.postMessage({message:\"ready\",secret:t},\"*\")},!1)))}(window,document);\n\/* ]]> *\/\n<\/script>\n","thumbnail_url":"https:\/\/www.albinfo.at\/wp-content\/uploads\/2015\/06\/islam12.png","thumbnail_width":844,"thumbnail_height":1055,"description":"L\u2019Islam suisse est une r\u00e9alit\u00e9 h\u00e9t\u00e9rog\u00e8ne. On constate cependant l\u2019augmentation du nombre de musulmans de nationalit\u00e9 suisse et, en parall\u00e8le, l\u2019\u00e9mergence d\u2019une \u00ab seconde g\u00e9n\u00e9ration \u00bb, compos\u00e9e d\u2019individus ayant grandi en Suisse. Ces changements font appara\u00eetre des enjeux politiques, sociaux et symboliques renouvel\u00e9s. Quels sont les processus d\u2019enracinement de l\u2019islam en Suisse \u00e0 travers la [&hellip;]"}

L’Islam suisse est une réalité hétérogène. On constate cependant l’augmentation du nombre de musulmans de nationalité suisse et, en parallèle, l’émergence d’une « seconde génération », composée d’individus ayant grandi en Suisse. Ces changements font apparaître des enjeux politiques, sociaux et symboliques renouvelés. Quels sont les processus d’enracinement de l’islam en Suisse à travers la [&hellip;]
