{"version":"1.0","provider_name":"Albinfo","provider_url":"https:\/\/www.albinfo.at\/fr\/","author_name":"albinfo.ch","author_url":"https:\/\/www.albinfo.at\/fr\/author\/sevdailtahiri\/","title":"Cong\u00e9 parental : qu\u2019attend la Suisse ? - Albinfo","type":"rich","width":600,"height":338,"html":"<blockquote class=\"wp-embedded-content\" data-secret=\"1SvwpvdBWT\"><a href=\"https:\/\/www.albinfo.at\/fr\/conge-parental-quattend-la-suisse\/\">Cong\u00e9 parental : qu\u2019attend la Suisse ?<\/a><\/blockquote><iframe sandbox=\"allow-scripts\" security=\"restricted\" src=\"https:\/\/www.albinfo.at\/fr\/conge-parental-quattend-la-suisse\/embed\/#?secret=1SvwpvdBWT\" width=\"600\" height=\"338\" title=\"&#8220;Cong\u00e9 parental : qu\u2019attend la Suisse ?&#8221; &#8212; Albinfo\" data-secret=\"1SvwpvdBWT\" frameborder=\"0\" marginwidth=\"0\" marginheight=\"0\" scrolling=\"no\" class=\"wp-embedded-content\"><\/iframe><script type=\"text\/javascript\">\n\/* <![CDATA[ *\/\n\/*! This file is auto-generated *\/\n!function(d,l){\"use strict\";l.querySelector&&d.addEventListener&&\"undefined\"!=typeof URL&&(d.wp=d.wp||{},d.wp.receiveEmbedMessage||(d.wp.receiveEmbedMessage=function(e){var t=e.data;if((t||t.secret||t.message||t.value)&&!\/[^a-zA-Z0-9]\/.test(t.secret)){for(var s,r,n,a=l.querySelectorAll('iframe[data-secret=\"'+t.secret+'\"]'),o=l.querySelectorAll('blockquote[data-secret=\"'+t.secret+'\"]'),c=new RegExp(\"^https?:$\",\"i\"),i=0;i<o.length;i++)o[i].style.display=\"none\";for(i=0;i<a.length;i++)s=a[i],e.source===s.contentWindow&&(s.removeAttribute(\"style\"),\"height\"===t.message?(1e3<(r=parseInt(t.value,10))?r=1e3:~~r<200&&(r=200),s.height=r):\"link\"===t.message&&(r=new URL(s.getAttribute(\"src\")),n=new URL(t.value),c.test(n.protocol))&&n.host===r.host&&l.activeElement===s&&(d.top.location.href=t.value))}},d.addEventListener(\"message\",d.wp.receiveEmbedMessage,!1),l.addEventListener(\"DOMContentLoaded\",function(){for(var e,t,s=l.querySelectorAll(\"iframe.wp-embedded-content\"),r=0;r<s.length;r++)(t=(e=s[r]).getAttribute(\"data-secret\"))||(t=Math.random().toString(36).substring(2,12),e.src+=\"#?secret=\"+t,e.setAttribute(\"data-secret\",t)),e.contentWindow.postMessage({message:\"ready\",secret:t},\"*\")},!1)))}(window,document);\n\/* ]]> *\/\n<\/script>\n","thumbnail_url":"https:\/\/www.albinfo.ch\/wp-content\/uploads\/2018\/08\/parenting-family-1024x683.jpg","thumbnail_width":1024,"thumbnail_height":683,"description":"La Commission f\u00e9d\u00e9rale pour les questions familiales COFF entend faire avancer le d\u00e9bat sur l\u2019introduction d\u2019un cong\u00e9 parental \u00e9tendu au niveau national en proposant un mod\u00e8le pr\u00e9voyant une r\u00e9partition \u00e9galitaire. Un tel cong\u00e9 renforcerait la participation des m\u00e8res au march\u00e9 du travail et aurait un impact positif sur les familles et sur la soci\u00e9t\u00e9. Dans [&hellip;]"}

Congé parental : qu’attend la Suisse ? - Albinfo

<blockquote class="wp-embedded-content" data-secret="1SvwpvdBWT"><a href="https://www.albinfo.at/fr/conge-parental-quattend-la-suisse/">Congé parental : qu’attend la Suisse ?</a></blockquote><iframe sandbox="allow-scripts" security="restricted" src="https://www.albinfo.at/fr/conge-parental-quattend-la-suisse/embed/#?secret=1SvwpvdBWT" width="600" height="338" title="&#8220;Congé parental : qu’attend la Suisse ?&#8221; &#8212; Albinfo" data-secret="1SvwpvdBWT" frameborder="0" marginwidth="0" marginheight="0" scrolling="no" class="wp-embedded-content"></iframe><script type="text/javascript">
/* <![CDATA[ */
/*! This file is auto-generated */
!function(d,l){"use strict";l.querySelector&&d.addEventListener&&"undefined"!=typeof URL&&(d.wp=d.wp||{},d.wp.receiveEmbedMessage||(d.wp.receiveEmbedMessage=function(e){var t=e.data;if((t||t.secret||t.message||t.value)&&!/[^a-zA-Z0-9]/.test(t.secret)){for(var s,r,n,a=l.querySelectorAll('iframe[data-secret="'+t.secret+'"]'),o=l.querySelectorAll('blockquote[data-secret="'+t.secret+'"]'),c=new RegExp("^https?:$","i"),i=0;i<o.length;i++)o[i].style.display="none";for(i=0;i<a.length;i++)s=a[i],e.source===s.contentWindow&&(s.removeAttribute("style"),"height"===t.message?(1e3<(r=parseInt(t.value,10))?r=1e3:~~r<200&&(r=200),s.height=r):"link"===t.message&&(r=new URL(s.getAttribute("src")),n=new URL(t.value),c.test(n.protocol))&&n.host===r.host&&l.activeElement===s&&(d.top.location.href=t.value))}},d.addEventListener("message",d.wp.receiveEmbedMessage,!1),l.addEventListener("DOMContentLoaded",function(){for(var e,t,s=l.querySelectorAll("iframe.wp-embedded-content"),r=0;r<s.length;r++)(t=(e=s[r]).getAttribute("data-secret"))||(t=Math.random().toString(36).substring(2,12),e.src+="#?secret="+t,e.setAttribute("data-secret",t)),e.contentWindow.postMessage({message:"ready",secret:t},"*")},!1)))}(window,document);
/* ]]> */
</script>

La Commission fédérale pour les questions familiales COFF entend faire avancer le débat sur l’introduction d’un congé parental étendu au niveau national en proposant un modèle prévoyant une répartition égalitaire. Un tel congé renforcerait la participation des mères au marché du travail et aurait un impact positif sur les familles et sur la société. Dans [&hellip;]
