{"version":"1.0","provider_name":"Albinfo","provider_url":"https:\/\/www.albinfo.at\/fr\/","author_name":"albinfo.ch","author_url":"https:\/\/www.albinfo.at\/fr\/author\/sevdailtahiri\/","title":"Cette compagnie a\u00e9rienne suisse change son identifiant officiel - Albinfo","type":"rich","width":600,"height":338,"html":"<blockquote class=\"wp-embedded-content\" data-secret=\"6Xlix2661i\"><a href=\"https:\/\/www.albinfo.at\/fr\/cette-compagnie-aerienne-suisse-change-son-identifiant-officiel\/\">Cette compagnie a\u00e9rienne suisse change son identifiant officiel<\/a><\/blockquote><iframe sandbox=\"allow-scripts\" security=\"restricted\" src=\"https:\/\/www.albinfo.at\/fr\/cette-compagnie-aerienne-suisse-change-son-identifiant-officiel\/embed\/#?secret=6Xlix2661i\" width=\"600\" height=\"338\" title=\"&#8220;Cette compagnie a\u00e9rienne suisse change son identifiant officiel&#8221; &#8212; Albinfo\" data-secret=\"6Xlix2661i\" frameborder=\"0\" marginwidth=\"0\" marginheight=\"0\" scrolling=\"no\" class=\"wp-embedded-content\"><\/iframe><script type=\"text\/javascript\">\n\/* <![CDATA[ *\/\n\/*! This file is auto-generated *\/\n!function(d,l){\"use strict\";l.querySelector&&d.addEventListener&&\"undefined\"!=typeof URL&&(d.wp=d.wp||{},d.wp.receiveEmbedMessage||(d.wp.receiveEmbedMessage=function(e){var t=e.data;if((t||t.secret||t.message||t.value)&&!\/[^a-zA-Z0-9]\/.test(t.secret)){for(var s,r,n,a=l.querySelectorAll('iframe[data-secret=\"'+t.secret+'\"]'),o=l.querySelectorAll('blockquote[data-secret=\"'+t.secret+'\"]'),c=new RegExp(\"^https?:$\",\"i\"),i=0;i<o.length;i++)o[i].style.display=\"none\";for(i=0;i<a.length;i++)s=a[i],e.source===s.contentWindow&&(s.removeAttribute(\"style\"),\"height\"===t.message?(1e3<(r=parseInt(t.value,10))?r=1e3:~~r<200&&(r=200),s.height=r):\"link\"===t.message&&(r=new URL(s.getAttribute(\"src\")),n=new URL(t.value),c.test(n.protocol))&&n.host===r.host&&l.activeElement===s&&(d.top.location.href=t.value))}},d.addEventListener(\"message\",d.wp.receiveEmbedMessage,!1),l.addEventListener(\"DOMContentLoaded\",function(){for(var e,t,s=l.querySelectorAll(\"iframe.wp-embedded-content\"),r=0;r<s.length;r++)(t=(e=s[r]).getAttribute(\"data-secret\"))||(t=Math.random().toString(36).substring(2,12),e.src+=\"#?secret=\"+t,e.setAttribute(\"data-secret\",t)),e.contentWindow.postMessage({message:\"ready\",secret:t},\"*\")},!1)))}(window,document);\n\/* ]]> *\/\n<\/script>\n","thumbnail_url":"https:\/\/www.albinfo.at\/wp-content\/uploads\/2020\/11\/photo-1555446777-173210af3aff.jpg","thumbnail_width":1050,"thumbnail_height":700,"description":"La compagnie a\u00e9rienne suisse qui relie Zurich \u00e0 15 destinations, connue jusqu\u2019\u00e0 pr\u00e9sent sous le code IATA GM, op\u00e9rera d\u00e9sormais sous une nouvelle abr\u00e9viation \u00e0 partir du 29 avril : CS, pour Chair Switzerland, rapporte\u00a0albinfo.ch. Ce nouveau code symbolise l\u2019ambition de Chair de s\u2019affirmer plus clairement comme une compagnie a\u00e9rienne suisse, au m\u00eame titre que [&hellip;]"}

Cette compagnie aérienne suisse change son identifiant officiel - Albinfo

<blockquote class="wp-embedded-content" data-secret="6Xlix2661i"><a href="https://www.albinfo.at/fr/cette-compagnie-aerienne-suisse-change-son-identifiant-officiel/">Cette compagnie aérienne suisse change son identifiant officiel</a></blockquote><iframe sandbox="allow-scripts" security="restricted" src="https://www.albinfo.at/fr/cette-compagnie-aerienne-suisse-change-son-identifiant-officiel/embed/#?secret=6Xlix2661i" width="600" height="338" title="&#8220;Cette compagnie aérienne suisse change son identifiant officiel&#8221; &#8212; Albinfo" data-secret="6Xlix2661i" frameborder="0" marginwidth="0" marginheight="0" scrolling="no" class="wp-embedded-content"></iframe><script type="text/javascript">
/* <![CDATA[ */
/*! This file is auto-generated */
!function(d,l){"use strict";l.querySelector&&d.addEventListener&&"undefined"!=typeof URL&&(d.wp=d.wp||{},d.wp.receiveEmbedMessage||(d.wp.receiveEmbedMessage=function(e){var t=e.data;if((t||t.secret||t.message||t.value)&&!/[^a-zA-Z0-9]/.test(t.secret)){for(var s,r,n,a=l.querySelectorAll('iframe[data-secret="'+t.secret+'"]'),o=l.querySelectorAll('blockquote[data-secret="'+t.secret+'"]'),c=new RegExp("^https?:$","i"),i=0;i<o.length;i++)o[i].style.display="none";for(i=0;i<a.length;i++)s=a[i],e.source===s.contentWindow&&(s.removeAttribute("style"),"height"===t.message?(1e3<(r=parseInt(t.value,10))?r=1e3:~~r<200&&(r=200),s.height=r):"link"===t.message&&(r=new URL(s.getAttribute("src")),n=new URL(t.value),c.test(n.protocol))&&n.host===r.host&&l.activeElement===s&&(d.top.location.href=t.value))}},d.addEventListener("message",d.wp.receiveEmbedMessage,!1),l.addEventListener("DOMContentLoaded",function(){for(var e,t,s=l.querySelectorAll("iframe.wp-embedded-content"),r=0;r<s.length;r++)(t=(e=s[r]).getAttribute("data-secret"))||(t=Math.random().toString(36).substring(2,12),e.src+="#?secret="+t,e.setAttribute("data-secret",t)),e.contentWindow.postMessage({message:"ready",secret:t},"*")},!1)))}(window,document);
/* ]]> */
</script>

La compagnie aérienne suisse qui relie Zurich à 15 destinations, connue jusqu’à présent sous le code IATA GM, opérera désormais sous une nouvelle abréviation à partir du 29 avril : CS, pour Chair Switzerland, rapporte albinfo.ch. Ce nouveau code symbolise l’ambition de Chair de s’affirmer plus clairement comme une compagnie aérienne suisse, au même titre que [&hellip;]
