{"version":"1.0","provider_name":"Albinfo","provider_url":"https:\/\/www.albinfo.at\/fr\/","author_name":"erezzaademi","author_url":"https:\/\/www.albinfo.at\/fr\/author\/erezzaademi\/","title":"Le boxeur albanais \"affronte\" Anthony Joshua - Albinfo","type":"rich","width":600,"height":338,"html":"<blockquote class=\"wp-embedded-content\" data-secret=\"63WhiZsVCu\"><a href=\"https:\/\/www.albinfo.at\/fr\/boksieri-shqiptar-lufton-kunder-anthony-joshua\/\">Le boxeur albanais &#8220;affronte&#8221; Anthony Joshua<\/a><\/blockquote><iframe sandbox=\"allow-scripts\" security=\"restricted\" src=\"https:\/\/www.albinfo.at\/fr\/boksieri-shqiptar-lufton-kunder-anthony-joshua\/embed\/#?secret=63WhiZsVCu\" width=\"600\" height=\"338\" title=\"&#8220;Le boxeur albanais &#8220;affronte&#8221; Anthony Joshua&#8221; &#8212; Albinfo\" data-secret=\"63WhiZsVCu\" frameborder=\"0\" marginwidth=\"0\" marginheight=\"0\" scrolling=\"no\" class=\"wp-embedded-content\"><\/iframe><script type=\"text\/javascript\">\n\/* <![CDATA[ *\/\n\/*! This file is auto-generated *\/\n!function(d,l){\"use strict\";l.querySelector&&d.addEventListener&&\"undefined\"!=typeof URL&&(d.wp=d.wp||{},d.wp.receiveEmbedMessage||(d.wp.receiveEmbedMessage=function(e){var t=e.data;if((t||t.secret||t.message||t.value)&&!\/[^a-zA-Z0-9]\/.test(t.secret)){for(var s,r,n,a=l.querySelectorAll('iframe[data-secret=\"'+t.secret+'\"]'),o=l.querySelectorAll('blockquote[data-secret=\"'+t.secret+'\"]'),c=new RegExp(\"^https?:$\",\"i\"),i=0;i<o.length;i++)o[i].style.display=\"none\";for(i=0;i<a.length;i++)s=a[i],e.source===s.contentWindow&&(s.removeAttribute(\"style\"),\"height\"===t.message?(1e3<(r=parseInt(t.value,10))?r=1e3:~~r<200&&(r=200),s.height=r):\"link\"===t.message&&(r=new URL(s.getAttribute(\"src\")),n=new URL(t.value),c.test(n.protocol))&&n.host===r.host&&l.activeElement===s&&(d.top.location.href=t.value))}},d.addEventListener(\"message\",d.wp.receiveEmbedMessage,!1),l.addEventListener(\"DOMContentLoaded\",function(){for(var e,t,s=l.querySelectorAll(\"iframe.wp-embedded-content\"),r=0;r<s.length;r++)(t=(e=s[r]).getAttribute(\"data-secret\"))||(t=Math.random().toString(36).substring(2,12),e.src+=\"#?secret=\"+t,e.setAttribute(\"data-secret\",t)),e.contentWindow.postMessage({message:\"ready\",secret:t},\"*\")},!1)))}(window,document);\n\/* ]]> *\/\n<\/script>\n","thumbnail_url":"https:\/\/www.albinfo.ch\/wp-content\/uploads\/2026\/04\/855a8156-9368-47d3-8d5d-2254a7e63a37-e1777302601178.webp","thumbnail_width":980,"thumbnail_height":1225,"description":"Le boxeur albanais Kristian Prenga affrontera Anthony Joshua le 25 juillet. Joshua a confirm\u00e9 aujourd\u2019hui le combat contre Prenga, qui se d\u00e9roulera \u00e0 Riyad en Arabie saoudite. Joshua est l\u2019un des boxeurs les plus c\u00e9l\u00e8bres des derni\u00e8res d\u00e9cennies, tandis que Prenga compte 20 victoires et une seule d\u00e9faite dans sa carri\u00e8re professionnelle. L\u2019ancien champion du [&hellip;]"}

Le boxeur albanais Kristian Prenga affrontera Anthony Joshua le 25 juillet. Joshua a confirmé aujourd’hui le combat contre Prenga, qui se déroulera à Riyad en Arabie saoudite. Joshua est l’un des boxeurs les plus célèbres des dernières décennies, tandis que Prenga compte 20 victoires et une seule défaite dans sa carrière professionnelle. L’ancien champion du [&hellip;]
