{"version":"1.0","provider_name":"Albinfo","provider_url":"https:\/\/www.albinfo.at\/de\/","author_name":"albinfo.ch","author_url":"https:\/\/www.albinfo.at\/de\/author\/sevdailtahiri\/","title":"Vizekanzler Andr\u00e9 Simonazzi ist verstorben - Albinfo","type":"rich","width":600,"height":338,"html":"<blockquote class=\"wp-embedded-content\" data-secret=\"r1UWGRCtiL\"><a href=\"https:\/\/www.albinfo.at\/de\/vizekanzler-andre-simonazzi-ist-verstorben\/\">Vizekanzler Andr\u00e9 Simonazzi ist verstorben<\/a><\/blockquote><iframe sandbox=\"allow-scripts\" security=\"restricted\" src=\"https:\/\/www.albinfo.at\/de\/vizekanzler-andre-simonazzi-ist-verstorben\/embed\/#?secret=r1UWGRCtiL\" width=\"600\" height=\"338\" title=\"&#8220;Vizekanzler Andr\u00e9 Simonazzi ist verstorben&#8221; &#8212; Albinfo\" data-secret=\"r1UWGRCtiL\" frameborder=\"0\" marginwidth=\"0\" marginheight=\"0\" scrolling=\"no\" class=\"wp-embedded-content\"><\/iframe><script type=\"text\/javascript\">\n\/* <![CDATA[ *\/\n\/*! This file is auto-generated *\/\n!function(d,l){\"use strict\";l.querySelector&&d.addEventListener&&\"undefined\"!=typeof URL&&(d.wp=d.wp||{},d.wp.receiveEmbedMessage||(d.wp.receiveEmbedMessage=function(e){var t=e.data;if((t||t.secret||t.message||t.value)&&!\/[^a-zA-Z0-9]\/.test(t.secret)){for(var s,r,n,a=l.querySelectorAll('iframe[data-secret=\"'+t.secret+'\"]'),o=l.querySelectorAll('blockquote[data-secret=\"'+t.secret+'\"]'),c=new RegExp(\"^https?:$\",\"i\"),i=0;i<o.length;i++)o[i].style.display=\"none\";for(i=0;i<a.length;i++)s=a[i],e.source===s.contentWindow&&(s.removeAttribute(\"style\"),\"height\"===t.message?(1e3<(r=parseInt(t.value,10))?r=1e3:~~r<200&&(r=200),s.height=r):\"link\"===t.message&&(r=new URL(s.getAttribute(\"src\")),n=new URL(t.value),c.test(n.protocol))&&n.host===r.host&&l.activeElement===s&&(d.top.location.href=t.value))}},d.addEventListener(\"message\",d.wp.receiveEmbedMessage,!1),l.addEventListener(\"DOMContentLoaded\",function(){for(var e,t,s=l.querySelectorAll(\"iframe.wp-embedded-content\"),r=0;r<s.length;r++)(t=(e=s[r]).getAttribute(\"data-secret\"))||(t=Math.random().toString(36).substring(2,12),e.src+=\"#?secret=\"+t,e.setAttribute(\"data-secret\",t)),e.contentWindow.postMessage({message:\"ready\",secret:t},\"*\")},!1)))}(window,document);\n\/* ]]> *\/\n<\/script>\n","thumbnail_url":"https:\/\/www.albinfo.at\/wp-content\/uploads\/2024\/05\/simonazzi.jpg","thumbnail_width":925,"thumbnail_height":624,"description":"Bundesratssprecher und Vizekanzler Andr\u00e9 Simonazzi ist am Freitag auf einer Wanderung gestorben. Die Nachricht von seinem Tod hat die Mitglieder des Bundesrates und den Bundeskanzler best\u00fcrzt. Bundesrat und Bundeskanzler sprechen der Familie und den Angeh\u00f6rigen ihr tiefstes Beileid aus. Im November 2008 wurde Andr\u00e9 Simonazzi zum Vizekanzler und Bundesratssprecher ernannt. Seit dem 1. Januar 2009 [&hellip;]"}

Vizekanzler André Simonazzi ist verstorben - Albinfo

<blockquote class="wp-embedded-content" data-secret="r1UWGRCtiL"><a href="https://www.albinfo.at/de/vizekanzler-andre-simonazzi-ist-verstorben/">Vizekanzler André Simonazzi ist verstorben</a></blockquote><iframe sandbox="allow-scripts" security="restricted" src="https://www.albinfo.at/de/vizekanzler-andre-simonazzi-ist-verstorben/embed/#?secret=r1UWGRCtiL" width="600" height="338" title="&#8220;Vizekanzler André Simonazzi ist verstorben&#8221; &#8212; Albinfo" data-secret="r1UWGRCtiL" frameborder="0" marginwidth="0" marginheight="0" scrolling="no" class="wp-embedded-content"></iframe><script type="text/javascript">
/* <![CDATA[ */
/*! This file is auto-generated */
!function(d,l){"use strict";l.querySelector&&d.addEventListener&&"undefined"!=typeof URL&&(d.wp=d.wp||{},d.wp.receiveEmbedMessage||(d.wp.receiveEmbedMessage=function(e){var t=e.data;if((t||t.secret||t.message||t.value)&&!/[^a-zA-Z0-9]/.test(t.secret)){for(var s,r,n,a=l.querySelectorAll('iframe[data-secret="'+t.secret+'"]'),o=l.querySelectorAll('blockquote[data-secret="'+t.secret+'"]'),c=new RegExp("^https?:$","i"),i=0;i<o.length;i++)o[i].style.display="none";for(i=0;i<a.length;i++)s=a[i],e.source===s.contentWindow&&(s.removeAttribute("style"),"height"===t.message?(1e3<(r=parseInt(t.value,10))?r=1e3:~~r<200&&(r=200),s.height=r):"link"===t.message&&(r=new URL(s.getAttribute("src")),n=new URL(t.value),c.test(n.protocol))&&n.host===r.host&&l.activeElement===s&&(d.top.location.href=t.value))}},d.addEventListener("message",d.wp.receiveEmbedMessage,!1),l.addEventListener("DOMContentLoaded",function(){for(var e,t,s=l.querySelectorAll("iframe.wp-embedded-content"),r=0;r<s.length;r++)(t=(e=s[r]).getAttribute("data-secret"))||(t=Math.random().toString(36).substring(2,12),e.src+="#?secret="+t,e.setAttribute("data-secret",t)),e.contentWindow.postMessage({message:"ready",secret:t},"*")},!1)))}(window,document);
/* ]]> */
</script>

Bundesratssprecher und Vizekanzler André Simonazzi ist am Freitag auf einer Wanderung gestorben. Die Nachricht von seinem Tod hat die Mitglieder des Bundesrates und den Bundeskanzler bestürzt. Bundesrat und Bundeskanzler sprechen der Familie und den Angehörigen ihr tiefstes Beileid aus. Im November 2008 wurde André Simonazzi zum Vizekanzler und Bundesratssprecher ernannt. Seit dem 1. Januar 2009 [&hellip;]
