{"version":"1.0","provider_name":"Albinfo","provider_url":"https:\/\/www.albinfo.at\/de\/","author_name":"albinfo.ch","author_url":"https:\/\/www.albinfo.at\/de\/author\/sevdailtahiri\/","title":"Schweiz \u00fcbernimmt Transportkompanie der KFOR in Kosovo - Albinfo","type":"rich","width":600,"height":338,"html":"<blockquote class=\"wp-embedded-content\" data-secret=\"XbsKb3ES13\"><a href=\"https:\/\/www.albinfo.at\/de\/schweiz-uebernimmt-transportkompanie-der-kfor-in-kosovo\/\">Schweiz \u00fcbernimmt Transportkompanie der KFOR in Kosovo<\/a><\/blockquote><iframe sandbox=\"allow-scripts\" security=\"restricted\" src=\"https:\/\/www.albinfo.at\/de\/schweiz-uebernimmt-transportkompanie-der-kfor-in-kosovo\/embed\/#?secret=XbsKb3ES13\" width=\"600\" height=\"338\" title=\"&#8220;Schweiz \u00fcbernimmt Transportkompanie der KFOR in Kosovo&#8221; &#8212; Albinfo\" data-secret=\"XbsKb3ES13\" frameborder=\"0\" marginwidth=\"0\" marginheight=\"0\" scrolling=\"no\" class=\"wp-embedded-content\"><\/iframe><script type=\"text\/javascript\">\n\/* <![CDATA[ *\/\n\/*! This file is auto-generated *\/\n!function(d,l){\"use strict\";l.querySelector&&d.addEventListener&&\"undefined\"!=typeof URL&&(d.wp=d.wp||{},d.wp.receiveEmbedMessage||(d.wp.receiveEmbedMessage=function(e){var t=e.data;if((t||t.secret||t.message||t.value)&&!\/[^a-zA-Z0-9]\/.test(t.secret)){for(var s,r,n,a=l.querySelectorAll('iframe[data-secret=\"'+t.secret+'\"]'),o=l.querySelectorAll('blockquote[data-secret=\"'+t.secret+'\"]'),c=new RegExp(\"^https?:$\",\"i\"),i=0;i<o.length;i++)o[i].style.display=\"none\";for(i=0;i<a.length;i++)s=a[i],e.source===s.contentWindow&&(s.removeAttribute(\"style\"),\"height\"===t.message?(1e3<(r=parseInt(t.value,10))?r=1e3:~~r<200&&(r=200),s.height=r):\"link\"===t.message&&(r=new URL(s.getAttribute(\"src\")),n=new URL(t.value),c.test(n.protocol))&&n.host===r.host&&l.activeElement===s&&(d.top.location.href=t.value))}},d.addEventListener(\"message\",d.wp.receiveEmbedMessage,!1),l.addEventListener(\"DOMContentLoaded\",function(){for(var e,t,s=l.querySelectorAll(\"iframe.wp-embedded-content\"),r=0;r<s.length;r++)(t=(e=s[r]).getAttribute(\"data-secret\"))||(t=Math.random().toString(36).substring(2,12),e.src+=\"#?secret=\"+t,e.setAttribute(\"data-secret\",t)),e.contentWindow.postMessage({message:\"ready\",secret:t},\"*\")},!1)))}(window,document);\n\/* ]]> *\/\n<\/script>\n","thumbnail_url":"https:\/\/www.albinfo.at\/wp-content\/uploads\/2022\/04\/swisscoy-swissint.jpg","thumbnail_width":1205,"thumbnail_height":685,"description":"Heute findet in Kosovo der Wechsel vom 49. zum 50. SWISSCOY-Kontingent statt. Unter dem Kommando von Oberst Cyrus Wagner beginnt das neue Kontingent seinen Einsatz erstmals mit einem erh\u00f6hten Bestand von 215 Armeeangeh\u00f6rigen. Die zus\u00e4tzlichen Kr\u00e4fte erm\u00f6glichen es der Schweiz, die F\u00fchrung der multinationalen Transportkompanie der KFOR zu \u00fcbernehmen und dadurch den Beitrag zur Sicherheit [&hellip;]"}

Schweiz übernimmt Transportkompanie der KFOR in Kosovo - Albinfo

<blockquote class="wp-embedded-content" data-secret="XbsKb3ES13"><a href="https://www.albinfo.at/de/schweiz-uebernimmt-transportkompanie-der-kfor-in-kosovo/">Schweiz übernimmt Transportkompanie der KFOR in Kosovo</a></blockquote><iframe sandbox="allow-scripts" security="restricted" src="https://www.albinfo.at/de/schweiz-uebernimmt-transportkompanie-der-kfor-in-kosovo/embed/#?secret=XbsKb3ES13" width="600" height="338" title="&#8220;Schweiz übernimmt Transportkompanie der KFOR in Kosovo&#8221; &#8212; Albinfo" data-secret="XbsKb3ES13" frameborder="0" marginwidth="0" marginheight="0" scrolling="no" class="wp-embedded-content"></iframe><script type="text/javascript">
/* <![CDATA[ */
/*! This file is auto-generated */
!function(d,l){"use strict";l.querySelector&&d.addEventListener&&"undefined"!=typeof URL&&(d.wp=d.wp||{},d.wp.receiveEmbedMessage||(d.wp.receiveEmbedMessage=function(e){var t=e.data;if((t||t.secret||t.message||t.value)&&!/[^a-zA-Z0-9]/.test(t.secret)){for(var s,r,n,a=l.querySelectorAll('iframe[data-secret="'+t.secret+'"]'),o=l.querySelectorAll('blockquote[data-secret="'+t.secret+'"]'),c=new RegExp("^https?:$","i"),i=0;i<o.length;i++)o[i].style.display="none";for(i=0;i<a.length;i++)s=a[i],e.source===s.contentWindow&&(s.removeAttribute("style"),"height"===t.message?(1e3<(r=parseInt(t.value,10))?r=1e3:~~r<200&&(r=200),s.height=r):"link"===t.message&&(r=new URL(s.getAttribute("src")),n=new URL(t.value),c.test(n.protocol))&&n.host===r.host&&l.activeElement===s&&(d.top.location.href=t.value))}},d.addEventListener("message",d.wp.receiveEmbedMessage,!1),l.addEventListener("DOMContentLoaded",function(){for(var e,t,s=l.querySelectorAll("iframe.wp-embedded-content"),r=0;r<s.length;r++)(t=(e=s[r]).getAttribute("data-secret"))||(t=Math.random().toString(36).substring(2,12),e.src+="#?secret="+t,e.setAttribute("data-secret",t)),e.contentWindow.postMessage({message:"ready",secret:t},"*")},!1)))}(window,document);
/* ]]> */
</script>

Heute findet in Kosovo der Wechsel vom 49. zum 50. SWISSCOY-Kontingent statt. Unter dem Kommando von Oberst Cyrus Wagner beginnt das neue Kontingent seinen Einsatz erstmals mit einem erhöhten Bestand von 215 Armeeangehörigen. Die zusätzlichen Kräfte ermöglichen es der Schweiz, die Führung der multinationalen Transportkompanie der KFOR zu übernehmen und dadurch den Beitrag zur Sicherheit [&hellip;]
