{"version":"1.0","provider_name":"Albinfo","provider_url":"https:\/\/www.albinfo.at\/de\/","author_name":"Vjosa Gervalla","author_url":"https:\/\/www.albinfo.at\/de\/author\/vjosagervalla\/","title":"L\u2019Albanie et le tourisme culturel - Albinfo","type":"rich","width":600,"height":338,"html":"<blockquote class=\"wp-embedded-content\" data-secret=\"0Hcd9VoGni\"><a href=\"https:\/\/www.albinfo.at\/de\/lalbanie-et-le-tourisme-culturel\/\">L\u2019Albanie et le tourisme culturel<\/a><\/blockquote><iframe sandbox=\"allow-scripts\" security=\"restricted\" src=\"https:\/\/www.albinfo.at\/de\/lalbanie-et-le-tourisme-culturel\/embed\/#?secret=0Hcd9VoGni\" width=\"600\" height=\"338\" title=\"&#8220;L\u2019Albanie et le tourisme culturel&#8221; &#8212; Albinfo\" data-secret=\"0Hcd9VoGni\" frameborder=\"0\" marginwidth=\"0\" marginheight=\"0\" scrolling=\"no\" class=\"wp-embedded-content\"><\/iframe><script type=\"text\/javascript\">\n\/* <![CDATA[ *\/\n\/*! This file is auto-generated *\/\n!function(d,l){\"use strict\";l.querySelector&&d.addEventListener&&\"undefined\"!=typeof URL&&(d.wp=d.wp||{},d.wp.receiveEmbedMessage||(d.wp.receiveEmbedMessage=function(e){var t=e.data;if((t||t.secret||t.message||t.value)&&!\/[^a-zA-Z0-9]\/.test(t.secret)){for(var s,r,n,a=l.querySelectorAll('iframe[data-secret=\"'+t.secret+'\"]'),o=l.querySelectorAll('blockquote[data-secret=\"'+t.secret+'\"]'),c=new RegExp(\"^https?:$\",\"i\"),i=0;i<o.length;i++)o[i].style.display=\"none\";for(i=0;i<a.length;i++)s=a[i],e.source===s.contentWindow&&(s.removeAttribute(\"style\"),\"height\"===t.message?(1e3<(r=parseInt(t.value,10))?r=1e3:~~r<200&&(r=200),s.height=r):\"link\"===t.message&&(r=new URL(s.getAttribute(\"src\")),n=new URL(t.value),c.test(n.protocol))&&n.host===r.host&&l.activeElement===s&&(d.top.location.href=t.value))}},d.addEventListener(\"message\",d.wp.receiveEmbedMessage,!1),l.addEventListener(\"DOMContentLoaded\",function(){for(var e,t,s=l.querySelectorAll(\"iframe.wp-embedded-content\"),r=0;r<s.length;r++)(t=(e=s[r]).getAttribute(\"data-secret\"))||(t=Math.random().toString(36).substring(2,12),e.src+=\"#?secret=\"+t,e.setAttribute(\"data-secret\",t)),e.contentWindow.postMessage({message:\"ready\",secret:t},\"*\")},!1)))}(window,document);\n\/* ]]> *\/\n<\/script>\n","thumbnail_url":"https:\/\/www.albinfo.at\/wp-content\/uploads\/2017\/07\/shen-naumi-img-20170623-wa0006.jpg","thumbnail_width":1328,"thumbnail_height":747,"description":"Mais la rencontre avec le pass\u00e9 se fait aussi au travers de la grande histoire: les sites arch\u00e9ologiques de Apollonie, Byllis, Buthrinte pour ne citer que les plus importants, racontent d\u2019une \u00e9poque, celle de la Gr\u00e8ce et de Rome, o\u00f9 le monde m\u00e9diterran\u00e9en n\u2019\u00e9tait qu\u2019un seul."}

Mais la rencontre avec le passé se fait aussi au travers de la grande histoire: les sites archéologiques de Apollonie, Byllis, Buthrinte pour ne citer que les plus importants, racontent d’une époque, celle de la Grèce et de Rome, où le monde méditerranéen n’était qu’un seul.
