{"version":"1.0","provider_name":"Albinfo","provider_url":"https:\/\/www.albinfo.at\/de\/","author_name":"Albinfo","author_url":"https:\/\/www.albinfo.at\/de\/author\/albinfo\/","title":"Besonders gef\u00e4hrdete Minderheiten: Bund beteiligt sich an Kosten f\u00fcr den Schutz - Albinfo","type":"rich","width":600,"height":338,"html":"<blockquote class=\"wp-embedded-content\" data-secret=\"MBk0zMSn3V\"><a href=\"https:\/\/www.albinfo.at\/de\/grupet-e-minoriteteve-ne-zvicer-do-perfitojne-mbrojtje\/\">Besonders gef\u00e4hrdete Minderheiten: Bund beteiligt sich an Kosten f\u00fcr den Schutz<\/a><\/blockquote><iframe sandbox=\"allow-scripts\" security=\"restricted\" src=\"https:\/\/www.albinfo.at\/de\/grupet-e-minoriteteve-ne-zvicer-do-perfitojne-mbrojtje\/embed\/#?secret=MBk0zMSn3V\" width=\"600\" height=\"338\" title=\"&#8220;Besonders gef\u00e4hrdete Minderheiten: Bund beteiligt sich an Kosten f\u00fcr den Schutz&#8221; &#8212; Albinfo\" data-secret=\"MBk0zMSn3V\" frameborder=\"0\" marginwidth=\"0\" marginheight=\"0\" scrolling=\"no\" class=\"wp-embedded-content\"><\/iframe><script type=\"text\/javascript\">\n\/* <![CDATA[ *\/\n\/*! This file is auto-generated *\/\n!function(d,l){\"use strict\";l.querySelector&&d.addEventListener&&\"undefined\"!=typeof URL&&(d.wp=d.wp||{},d.wp.receiveEmbedMessage||(d.wp.receiveEmbedMessage=function(e){var t=e.data;if((t||t.secret||t.message||t.value)&&!\/[^a-zA-Z0-9]\/.test(t.secret)){for(var s,r,n,a=l.querySelectorAll('iframe[data-secret=\"'+t.secret+'\"]'),o=l.querySelectorAll('blockquote[data-secret=\"'+t.secret+'\"]'),c=new RegExp(\"^https?:$\",\"i\"),i=0;i<o.length;i++)o[i].style.display=\"none\";for(i=0;i<a.length;i++)s=a[i],e.source===s.contentWindow&&(s.removeAttribute(\"style\"),\"height\"===t.message?(1e3<(r=parseInt(t.value,10))?r=1e3:~~r<200&&(r=200),s.height=r):\"link\"===t.message&&(r=new URL(s.getAttribute(\"src\")),n=new URL(t.value),c.test(n.protocol))&&n.host===r.host&&l.activeElement===s&&(d.top.location.href=t.value))}},d.addEventListener(\"message\",d.wp.receiveEmbedMessage,!1),l.addEventListener(\"DOMContentLoaded\",function(){for(var e,t,s=l.querySelectorAll(\"iframe.wp-embedded-content\"),r=0;r<s.length;r++)(t=(e=s[r]).getAttribute(\"data-secret\"))||(t=Math.random().toString(36).substring(2,12),e.src+=\"#?secret=\"+t,e.setAttribute(\"data-secret\",t)),e.contentWindow.postMessage({message:\"ready\",secret:t},\"*\")},!1)))}(window,document);\n\/* ]]> *\/\n<\/script>\n","thumbnail_url":"https:\/\/www.albinfo.at\/wp-content\/uploads\/2018\/11\/350824475-1.jpg","thumbnail_width":1024,"thumbnail_height":683,"description":"Der Bundesrat will sich j\u00e4hrlich mit bis zu 500\u2019000 Franken an den Sicherheitskosten f\u00fcr Minderheiten beteiligen, die besonders gef\u00e4hrdet sind, zum Ziel von Terrorismus oder gewaltt\u00e4tigem Extremismus zu werden. Der Bundesrat hat an seiner Sitzung vom 30. Januar 2019 die entsprechende Verordnung in die Vernehmlassung geschickt. Der Sicherheitsverbund Schweiz (SVS) hat in seinem Konzept vom [&hellip;]"}

Besonders gefährdete Minderheiten: Bund beteiligt sich an Kosten für den Schutz - Albinfo

<blockquote class="wp-embedded-content" data-secret="MBk0zMSn3V"><a href="https://www.albinfo.at/de/grupet-e-minoriteteve-ne-zvicer-do-perfitojne-mbrojtje/">Besonders gefährdete Minderheiten: Bund beteiligt sich an Kosten für den Schutz</a></blockquote><iframe sandbox="allow-scripts" security="restricted" src="https://www.albinfo.at/de/grupet-e-minoriteteve-ne-zvicer-do-perfitojne-mbrojtje/embed/#?secret=MBk0zMSn3V" width="600" height="338" title="&#8220;Besonders gefährdete Minderheiten: Bund beteiligt sich an Kosten für den Schutz&#8221; &#8212; Albinfo" data-secret="MBk0zMSn3V" frameborder="0" marginwidth="0" marginheight="0" scrolling="no" class="wp-embedded-content"></iframe><script type="text/javascript">
/* <![CDATA[ */
/*! This file is auto-generated */
!function(d,l){"use strict";l.querySelector&&d.addEventListener&&"undefined"!=typeof URL&&(d.wp=d.wp||{},d.wp.receiveEmbedMessage||(d.wp.receiveEmbedMessage=function(e){var t=e.data;if((t||t.secret||t.message||t.value)&&!/[^a-zA-Z0-9]/.test(t.secret)){for(var s,r,n,a=l.querySelectorAll('iframe[data-secret="'+t.secret+'"]'),o=l.querySelectorAll('blockquote[data-secret="'+t.secret+'"]'),c=new RegExp("^https?:$","i"),i=0;i<o.length;i++)o[i].style.display="none";for(i=0;i<a.length;i++)s=a[i],e.source===s.contentWindow&&(s.removeAttribute("style"),"height"===t.message?(1e3<(r=parseInt(t.value,10))?r=1e3:~~r<200&&(r=200),s.height=r):"link"===t.message&&(r=new URL(s.getAttribute("src")),n=new URL(t.value),c.test(n.protocol))&&n.host===r.host&&l.activeElement===s&&(d.top.location.href=t.value))}},d.addEventListener("message",d.wp.receiveEmbedMessage,!1),l.addEventListener("DOMContentLoaded",function(){for(var e,t,s=l.querySelectorAll("iframe.wp-embedded-content"),r=0;r<s.length;r++)(t=(e=s[r]).getAttribute("data-secret"))||(t=Math.random().toString(36).substring(2,12),e.src+="#?secret="+t,e.setAttribute("data-secret",t)),e.contentWindow.postMessage({message:"ready",secret:t},"*")},!1)))}(window,document);
/* ]]> */
</script>

Der Bundesrat will sich jährlich mit bis zu 500’000 Franken an den Sicherheitskosten für Minderheiten beteiligen, die besonders gefährdet sind, zum Ziel von Terrorismus oder gewalttätigem Extremismus zu werden. Der Bundesrat hat an seiner Sitzung vom 30. Januar 2019 die entsprechende Verordnung in die Vernehmlassung geschickt. Der Sicherheitsverbund Schweiz (SVS) hat in seinem Konzept vom [&hellip;]
