{"version":"1.0","provider_name":"Albinfo","provider_url":"https:\/\/www.albinfo.at\/de\/","author_name":"albinfo.ch","author_url":"https:\/\/www.albinfo.at\/de\/author\/sevdailtahiri\/","title":"albgala 2024: Die Albanischen Sterne in der Schweiz - Albinfo","type":"rich","width":600,"height":338,"html":"<blockquote class=\"wp-embedded-content\" data-secret=\"rkAVi705ww\"><a href=\"https:\/\/www.albinfo.at\/de\/albgala-2024-die-albanischen-sterne-in-der-schweiz\/\">albgala 2024: Die Albanischen Sterne in der Schweiz<\/a><\/blockquote><iframe sandbox=\"allow-scripts\" security=\"restricted\" src=\"https:\/\/www.albinfo.at\/de\/albgala-2024-die-albanischen-sterne-in-der-schweiz\/embed\/#?secret=rkAVi705ww\" width=\"600\" height=\"338\" title=\"&#8220;albgala 2024: Die Albanischen Sterne in der Schweiz&#8221; &#8212; Albinfo\" data-secret=\"rkAVi705ww\" frameborder=\"0\" marginwidth=\"0\" marginheight=\"0\" scrolling=\"no\" class=\"wp-embedded-content\"><\/iframe><script type=\"text\/javascript\">\n\/* <![CDATA[ *\/\n\/*! This file is auto-generated *\/\n!function(d,l){\"use strict\";l.querySelector&&d.addEventListener&&\"undefined\"!=typeof URL&&(d.wp=d.wp||{},d.wp.receiveEmbedMessage||(d.wp.receiveEmbedMessage=function(e){var t=e.data;if((t||t.secret||t.message||t.value)&&!\/[^a-zA-Z0-9]\/.test(t.secret)){for(var s,r,n,a=l.querySelectorAll('iframe[data-secret=\"'+t.secret+'\"]'),o=l.querySelectorAll('blockquote[data-secret=\"'+t.secret+'\"]'),c=new RegExp(\"^https?:$\",\"i\"),i=0;i<o.length;i++)o[i].style.display=\"none\";for(i=0;i<a.length;i++)s=a[i],e.source===s.contentWindow&&(s.removeAttribute(\"style\"),\"height\"===t.message?(1e3<(r=parseInt(t.value,10))?r=1e3:~~r<200&&(r=200),s.height=r):\"link\"===t.message&&(r=new URL(s.getAttribute(\"src\")),n=new URL(t.value),c.test(n.protocol))&&n.host===r.host&&l.activeElement===s&&(d.top.location.href=t.value))}},d.addEventListener(\"message\",d.wp.receiveEmbedMessage,!1),l.addEventListener(\"DOMContentLoaded\",function(){for(var e,t,s=l.querySelectorAll(\"iframe.wp-embedded-content\"),r=0;r<s.length;r++)(t=(e=s[r]).getAttribute(\"data-secret\"))||(t=Math.random().toString(36).substring(2,12),e.src+=\"#?secret=\"+t,e.setAttribute(\"data-secret\",t)),e.contentWindow.postMessage({message:\"ready\",secret:t},\"*\")},!1)))}(window,document);\n\/* ]]> *\/\n<\/script>\n","thumbnail_url":"https:\/\/www.albinfo.at\/wp-content\/uploads\/2024\/12\/web_241130_albgala_7275.jpg","thumbnail_width":2048,"thumbnail_height":1362,"description":"Die\u00a0albgala 2024: Albanische Pers\u00f6nlichkeiten des Jahres 2024 in der Schweiz, organisiert von der Medienplattform\u00a0albinfo.ch, markiert einen wichtigen Moment f\u00fcr die albanische Gemeinschaft in der Schweiz. Diese Veranstaltung w\u00e4hlt und ehrt herausragende Pers\u00f6nlichkeiten aus, die in verschiedenen Bereichen beigetragen haben, um die albanische Gemeinschaft in diesem Land voranzubringen und zu st\u00e4rken. Die\u00a0Albgala zum Jahresende\u00a0ist zu einer [&hellip;]"}

Die albgala 2024: Albanische Persönlichkeiten des Jahres 2024 in der Schweiz, organisiert von der Medienplattform albinfo.ch, markiert einen wichtigen Moment für die albanische Gemeinschaft in der Schweiz. Diese Veranstaltung wählt und ehrt herausragende Persönlichkeiten aus, die in verschiedenen Bereichen beigetragen haben, um die albanische Gemeinschaft in diesem Land voranzubringen und zu stärken. Die Albgala zum Jahresende ist zu einer [&hellip;]
