{"version":"1.0","provider_name":"Albinfo","provider_url":"https:\/\/www.albinfo.at\/de\/","author_name":"albinfo.ch","author_url":"https:\/\/www.albinfo.at\/de\/author\/blerimshabani\/","title":"Agrotourismus als Chance f\u00fcr die Kosovarische (Land)wirtschaft - Albinfo","type":"rich","width":600,"height":338,"html":"<blockquote class=\"wp-embedded-content\" data-secret=\"3EpLQJZXGJ\"><a href=\"https:\/\/www.albinfo.at\/de\/agrotourismus-als-chance-fuer-die-kosovarische-landwirtschaft\/\">Agrotourismus als Chance f\u00fcr die Kosovarische (Land)wirtschaft<\/a><\/blockquote><iframe sandbox=\"allow-scripts\" security=\"restricted\" src=\"https:\/\/www.albinfo.at\/de\/agrotourismus-als-chance-fuer-die-kosovarische-landwirtschaft\/embed\/#?secret=3EpLQJZXGJ\" width=\"600\" height=\"338\" title=\"&#8220;Agrotourismus als Chance f\u00fcr die Kosovarische (Land)wirtschaft&#8221; &#8212; Albinfo\" data-secret=\"3EpLQJZXGJ\" frameborder=\"0\" marginwidth=\"0\" marginheight=\"0\" scrolling=\"no\" class=\"wp-embedded-content\"><\/iframe><script type=\"text\/javascript\">\n\/* <![CDATA[ *\/\n\/*! This file is auto-generated *\/\n!function(d,l){\"use strict\";l.querySelector&&d.addEventListener&&\"undefined\"!=typeof URL&&(d.wp=d.wp||{},d.wp.receiveEmbedMessage||(d.wp.receiveEmbedMessage=function(e){var t=e.data;if((t||t.secret||t.message||t.value)&&!\/[^a-zA-Z0-9]\/.test(t.secret)){for(var s,r,n,a=l.querySelectorAll('iframe[data-secret=\"'+t.secret+'\"]'),o=l.querySelectorAll('blockquote[data-secret=\"'+t.secret+'\"]'),c=new RegExp(\"^https?:$\",\"i\"),i=0;i<o.length;i++)o[i].style.display=\"none\";for(i=0;i<a.length;i++)s=a[i],e.source===s.contentWindow&&(s.removeAttribute(\"style\"),\"height\"===t.message?(1e3<(r=parseInt(t.value,10))?r=1e3:~~r<200&&(r=200),s.height=r):\"link\"===t.message&&(r=new URL(s.getAttribute(\"src\")),n=new URL(t.value),c.test(n.protocol))&&n.host===r.host&&l.activeElement===s&&(d.top.location.href=t.value))}},d.addEventListener(\"message\",d.wp.receiveEmbedMessage,!1),l.addEventListener(\"DOMContentLoaded\",function(){for(var e,t,s=l.querySelectorAll(\"iframe.wp-embedded-content\"),r=0;r<s.length;r++)(t=(e=s[r]).getAttribute(\"data-secret\"))||(t=Math.random().toString(36).substring(2,12),e.src+=\"#?secret=\"+t,e.setAttribute(\"data-secret\",t)),e.contentWindow.postMessage({message:\"ready\",secret:t},\"*\")},!1)))}(window,document);\n\/* ]]> *\/\n<\/script>\n","thumbnail_url":"https:\/\/www.albinfo.at\/wp-content\/uploads\/2019\/12\/daniel-waefler.jpg","thumbnail_width":1624,"thumbnail_height":1297,"description":"Vor 20 Jahren endete mit dem Kosovokrieg der gewaltsame Zerfallsprozess von Jugoslawien und der Weg wurde freigemacht f\u00fcr die Entstehung des j\u00fcngsten Staates Europas. Heute ist die Republik Kosova 11 Jahre alt und hat neben den direkten Folgen des Konfliktes auch die Defizite aus Kommunismus und Internationaler Verwaltung zu verarbeiten. Ber\u00fccksichtigt man diese Faktoren, so herrscht im jungen Staat trotz allem eine sp\u00fcrbare Aufbruchsstimmung und es hat sich seit dem Kriegsende sehr viel zum positiven ver\u00e4ndert."}

Agrotourismus als Chance für die Kosovarische (Land)wirtschaft - Albinfo

<blockquote class="wp-embedded-content" data-secret="3EpLQJZXGJ"><a href="https://www.albinfo.at/de/agrotourismus-als-chance-fuer-die-kosovarische-landwirtschaft/">Agrotourismus als Chance für die Kosovarische (Land)wirtschaft</a></blockquote><iframe sandbox="allow-scripts" security="restricted" src="https://www.albinfo.at/de/agrotourismus-als-chance-fuer-die-kosovarische-landwirtschaft/embed/#?secret=3EpLQJZXGJ" width="600" height="338" title="&#8220;Agrotourismus als Chance für die Kosovarische (Land)wirtschaft&#8221; &#8212; Albinfo" data-secret="3EpLQJZXGJ" frameborder="0" marginwidth="0" marginheight="0" scrolling="no" class="wp-embedded-content"></iframe><script type="text/javascript">
/* <![CDATA[ */
/*! This file is auto-generated */
!function(d,l){"use strict";l.querySelector&&d.addEventListener&&"undefined"!=typeof URL&&(d.wp=d.wp||{},d.wp.receiveEmbedMessage||(d.wp.receiveEmbedMessage=function(e){var t=e.data;if((t||t.secret||t.message||t.value)&&!/[^a-zA-Z0-9]/.test(t.secret)){for(var s,r,n,a=l.querySelectorAll('iframe[data-secret="'+t.secret+'"]'),o=l.querySelectorAll('blockquote[data-secret="'+t.secret+'"]'),c=new RegExp("^https?:$","i"),i=0;i<o.length;i++)o[i].style.display="none";for(i=0;i<a.length;i++)s=a[i],e.source===s.contentWindow&&(s.removeAttribute("style"),"height"===t.message?(1e3<(r=parseInt(t.value,10))?r=1e3:~~r<200&&(r=200),s.height=r):"link"===t.message&&(r=new URL(s.getAttribute("src")),n=new URL(t.value),c.test(n.protocol))&&n.host===r.host&&l.activeElement===s&&(d.top.location.href=t.value))}},d.addEventListener("message",d.wp.receiveEmbedMessage,!1),l.addEventListener("DOMContentLoaded",function(){for(var e,t,s=l.querySelectorAll("iframe.wp-embedded-content"),r=0;r<s.length;r++)(t=(e=s[r]).getAttribute("data-secret"))||(t=Math.random().toString(36).substring(2,12),e.src+="#?secret="+t,e.setAttribute("data-secret",t)),e.contentWindow.postMessage({message:"ready",secret:t},"*")},!1)))}(window,document);
/* ]]> */
</script>

Vor 20 Jahren endete mit dem Kosovokrieg der gewaltsame Zerfallsprozess von Jugoslawien und der Weg wurde freigemacht für die Entstehung des jüngsten Staates Europas. Heute ist die Republik Kosova 11 Jahre alt und hat neben den direkten Folgen des Konfliktes auch die Defizite aus Kommunismus und Internationaler Verwaltung zu verarbeiten. Berücksichtigt man diese Faktoren, so herrscht im jungen Staat trotz allem eine spürbare Aufbruchsstimmung und es hat sich seit dem Kriegsende sehr viel zum positiven verändert.
